t is the hundreds digit of 907?
9
What is the units digit of 2099?
9
What is the thousands digit of 95301?
5
What is the hundreds digit of 12932?
9
What is the units digit of 1536?
6
What is the tens digit of 327?
2
What is the thousands digit of 2225?
2
What is the hundreds digit of 2832?
8
What is the ten thousands digit of 13718?
1
What is the thousands digit of 25728?
5
What is the hundreds digit of 722?
7
What is the hundreds digit of 15032?
0
What is the tens digit of 3700?
0
What is the hundreds digit of 71257?
2
What is the thousands digit of 26654?
6
What is the units digit of 30804?
4
What is the hundreds digit of 7115?
1
What is the units digit of 4073?
3
What is the thousands digit of 5097?
5
What is the tens digit of 17855?
5
What is the thousands digit of 3689?
3
What is the ten thousands digit of 40518?
4
What is the hundreds digit of 18120?
1
What is the tens digit of 733?
3
What is the units digit of 781?
1
What is the units digit of 40?
0
What is the hundreds digit of 922?
9
What is the hundreds digit of 1330?
3
What is the tens digit of 27470?
7
What is the hundreds digit of 275?
2
What is the units digit of 2419?
9
What is the units digit of 3191?
1
What is the thousands digit of 13610?
3
What is the thousands digit of 3790?
3
What is the units digit of 50260?
0
What is the units digit of 1939?
9
What is the units digit of 1004?
4
What is the hundreds digit of 45761?
7
What is the tens digit of 620?
2
What is the thousands digit of 1589?
1
What is the tens digit of 14341?
4
What is the thousands digit of 1525?
1
What is the ten thousands digit of 58571?
5
What is the units digit of 1952?
2
What is the thousands digit of 3991?
3
What is the hundreds digit of 2645?
6
What is the hundreds digit of 10212?
2
What is the thousands digit of 7398?
7
What is the ten thousands digit of 23911?
2
What is the ten thousands digit of 27164?
2
What is the units digit of 2042?
2
What is the hundreds digit of 666?
6
What is the hundreds digit of 933?
9
What is the tens digit of 3205?
0
What is the thousands digit of 66387?
6
What is the hundreds digit of 2226?
2
What is the ten thousands digit of 58006?
5
What is the tens digit of 906?
0
What is the hundreds digit of 11726?
7
What is the tens digit of 20158?
5
What is the tens digit of 28468?
6
What is the tens digit of 10943?
4
What is the thousands digit of 1811?
1
What is the hundreds digit of 8176?
1
What is the tens digit of 6089?
8
What is the units digit of 2660?
0
What is the thousands digit of 7277?
7
What is the ten thousands digit of 21226?
2
What is the thousands digit of 2042?
2
What is the thousands digit of 3580?
3
What is the units digit of 18488?
8
What is the ten thousands digit of 22010?
2
What is the units digit of 1459?
9
What is the tens digit of 200?
0
What is the tens digit of 4528?
2
What is the hundreds digit of 7654?
6
What is the tens digit of 1024?
2
What is the tens digit of 669?
6
What is the ten thousands digit of 61489?
6
What is the hundreds digit of 39926?
9
What is the tens digit of 3119?
1
What is the units digit of 290?
0
What is the tens digit of 107785?
8
What is the tens digit of 56?
5
What is the tens digit of 82023?
2
What is the hundreds digit of 4238?
2
What is the units digit of 199?
9
What is the units digit of 22?
2
What is the tens digit of 94286?
8
What is the tens digit of 86321?
2
What is the hundreds digit of 944?
9
What is the hundreds digit of 1501?
5
What is the units digit of 152?
2
What is the hundreds digit of 51762?
7
What is the ten thousands digit of 92897?
9
What is the units digit of 11449?
9
What is the units digit of 90998?
8
What is the ten thousands digit of 15235?
1
What is the thousands digit of 107679?
7
What is the ten thousands digit of 25153?
2
What is the ten thousands digit of 58207?
5
What is the hundreds digit of 1317?
3
What is the hundreds digit of 1276?
2
What is the tens digit of 4328?
2
What is the tens digit of 1845?
4
What is the tens digit of 720?
2
What is the thousands digit of 13652?
3
What is the units digit of 4849?
9
What is the ten thousands digit of 28059?
2
What is the hundreds digit of 223?
2
What is the hundreds digit of 3932?
9
What is the units digit of 4223?
3
What is the units digit of 5735?
5
What is the tens digit of 21?
2
What is the thousands digit of 38492?
8
What is the hundreds digit of 1103?
1
What is the thousands digit of 4256?
4
What is the thousands digit of 1040?
1
What is the tens digit of 9538?
3
What is the hundreds digit of 1016?
0
What is the tens digit of 10778?
7
What is the units digit of 2238?
8
What is the hundreds digit of 308?
3
What is the tens digit of 17306?
0
What is the tens digit of 2863?
6
What is the thousands digit of 3837?
3
What is the hundreds digit of 8537?
5
What is the tens digit of 144857?
5
What is the units digit of 4389?
9
What is the units digit of 368?
8
What is the tens digit of 84993?
9
What is the units digit of 743?
3
What is the units digit of 77?
7
What is the units digit of 430?
0
What is the thousands digit of 9574?
9
What is the thousands digit of 6971?
6
What is the ten thousands digit of 31338?
3
What is the tens digit of 9956?
5
What is the hundreds digit of 900?
9
What is the tens digit of 16498?
9
What is the units digit of 981?
1
What is the ten thousands digit of 10812?
1
What is the hundreds digit of 4639?
6
What is the tens digit of 3116?
1
What is the hundreds digit of 624?
6
What is the units digit of 319?
9
What is the ten thousands digit of 28495?
2
What is the hundreds digit of 11039?
0
What is the tens digit of 26334?
3
What is the units digit of 1383?
3
What is the thousands digit of 48123?
8
What is the units digit of 289?
9
What is the units digit of 311?
1
What is the hundreds digit of 3956?
9
What is the ten thousands digit of 100880?
0
What is the units digit of 229?
9
What is the thousands digit of 3553?
3
What is the units digit of 35109?
9
What is the hundreds digit of 627?
6
What is the units digit of 1595?
5
What is the hundreds digit of 7788?
7
What is the hundreds digit of 8859?
8
What is the units digit of 28?
8
What is the units digit of 133?
3
What is the thousands digit of 14636?
4
What is the hundreds digit of 413?
4
What is the hundreds digit of 3798?
7
What is the hundreds digit of 10290?
2
What is the ten thousands digit of 31622?
3
What is the hundreds digit of 90611?
6
What is the hundreds digit of 8708?
7
What is the hundred thousands digit of 181184?
1
What is the hundreds digit of 2517?
5
What is the units digit of 1425?
5
What is the thousands digit of 2889?
2
What is the units digit of 6158?
8
What is the units digit of 2149?
9
What is the hundreds digit of 860?
8
What is the units digit of 87921?
1
What is the ten thousands digit of 89435?
8
What is the tens digit of 18896?
9
What is the hundreds digit of 47171?
1
What is the units digit of 757?
7
What is the thousands digit of 4430?
4
What is the tens digit of 8438?
3
What is the tens digit of 7164?
6
What is the units digit of 389?
9
What is the units digit of 61862?
2
What is the tens digit of 3511?
1
What is the tens digit of 1382?
8
What is the tens digit of 4236?
3
What is the units digit of 6425?
5
What is the hundreds digit of 754?
7
What is the hundreds digit of 1502?
5
What is the tens digit of 80619?
1
What is the tens digit of 10782?
8
What is the tens digit of 45166?
6
What is the ten thousands digit of 13163?
1
What is the units digit of 922?
2
What is the units digit of 47082?
2
What is the hundreds digit of 21255?
2
What is the hundreds digit of 31130?
1
What is the ten thousands digit of 78230?
7
What is the tens digit of 14489?
8
What is the hundreds digit of 307?
3
What is the tens digit of 47846?
4
What is the hundreds digit of 68554?
5
What is the tens digit of 15984?
8
What is the tens digit of 379?
7
What is the tens digit of 26?
2
What is the units digit of 20090?
0
What is the thousands digit of 4379?
4
What is the units digit of 3751?
1
What is the tens digit of 26885?
8
What is the tens digit of 50656?
5
What is the hundreds digit of 718?
7
What is the units digit of 38275?
5
What is the units digit of 1499?
9
What is the thousands digit of 3021?
3
What is the tens digit of 967?
6
What is the tens digit of 6316?
1